{"id":17,"date":"2018-03-12T21:58:28","date_gmt":"2018-03-12T20:58:28","guid":{"rendered":"http:\/\/www.gite-ardeche-largentiere.com\/CMS\/front-page\/"},"modified":"2020-10-20T18:14:09","modified_gmt":"2020-10-20T16:14:09","slug":"front-page","status":"publish","type":"page","link":"https:\/\/www.gite-ardeche-largentiere.com\/CMS\/","title":{"rendered":"Bienvenue"},"content":{"rendered":"<p>Christine vous accueille chaleureusement au Mas Saint Esprit au coeur du Pays des C\u00e9vennes Ard\u00e8choises. Venez d\u00e9couvrir et profiter des mille facettes de l&#8217;Ard\u00e8che, \u00e0 deux pas des gorges (Vallon pont d&#8217;Arc) et du plateau (Loubaresse).<\/p>\n<p>Les trois g\u00eetes \u00e0 louer, le Ch\u00e2let, le gite du Mas Lalauze et le gite Capucine, vous offrent tout le confort et vous garantirons un inoubliable s\u00e9jour. Vous profiterez \u00e9galement de la piscine et de sa vue magnifique.<\/p>\n","protected":false},"excerpt":{"rendered":"<p>Christine vous accueille chaleureusement au Mas Saint Esprit au coeur du Pays des C\u00e9vennes Ard\u00e8choises. Venez d\u00e9couvrir et profiter des mille facettes de l&#8217;Ard\u00e8che, \u00e0 deux pas des gorges (Vallon pont d&#8217;Arc) et du plateau (Loubaresse). Les trois g\u00eetes \u00e0 louer, le Ch\u00e2let, le gite du Mas Lalauze et le gite Capucine, vous offrent tout<\/p>\n<div><a class=\"btn-filled btn\" href=\"https:\/\/www.gite-ardeche-largentiere.com\/CMS\/\" title=\"Bienvenue\">Lire la suite<\/a><\/div>\n","protected":false},"author":1,"featured_media":0,"parent":0,"menu_order":0,"comment_status":"closed","ping_status":"closed","template":"page-templates\/template-home.php","meta":[],"translation":{"provider":"WPGlobus","version":"2.5.14","language":"fr","enabled_languages":["fr","en"],"languages":{"fr":{"title":true,"content":true,"excerpt":false},"en":{"title":true,"content":true,"excerpt":false}}},"_links":{"self":[{"href":"https:\/\/www.gite-ardeche-largentiere.com\/CMS\/wp-json\/wp\/v2\/pages\/17"}],"collection":[{"href":"https:\/\/www.gite-ardeche-largentiere.com\/CMS\/wp-json\/wp\/v2\/pages"}],"about":[{"href":"https:\/\/www.gite-ardeche-largentiere.com\/CMS\/wp-json\/wp\/v2\/types\/page"}],"author":[{"embeddable":true,"href":"https:\/\/www.gite-ardeche-largentiere.com\/CMS\/wp-json\/wp\/v2\/users\/1"}],"replies":[{"embeddable":true,"href":"https:\/\/www.gite-ardeche-largentiere.com\/CMS\/wp-json\/wp\/v2\/comments?post=17"}],"version-history":[{"count":5,"href":"https:\/\/www.gite-ardeche-largentiere.com\/CMS\/wp-json\/wp\/v2\/pages\/17\/revisions"}],"predecessor-version":[{"id":526,"href":"https:\/\/www.gite-ardeche-largentiere.com\/CMS\/wp-json\/wp\/v2\/pages\/17\/revisions\/526"}],"wp:attachment":[{"href":"https:\/\/www.gite-ardeche-largentiere.com\/CMS\/wp-json\/wp\/v2\/media?parent=17"}],"curies":[{"name":"wp","href":"https:\/\/api.w.org\/{rel}","templated":true}]}}