{"id":71,"date":"2018-03-25T16:49:08","date_gmt":"2018-03-25T14:49:08","guid":{"rendered":"http:\/\/www.gite-ardeche-largentiere.com\/CMS\/?page_id=71"},"modified":"2018-05-21T22:00:46","modified_gmt":"2018-05-21T20:00:46","slug":"localisation","status":"publish","type":"page","link":"https:\/\/www.gite-ardeche-largentiere.com\/CMS\/localisation\/","title":{"rendered":"Localisation"},"content":{"rendered":"<p>Nous sommes situ\u00e9s dans le sud de l&#8217;Ard\u00e8che m\u00e9ridionale \u00e0 deux pas des gorges (Vallon pont d&#8217;Arc) et du plateau (Loubaresse). Largenti\u00e8re, sous pr\u00e9fecture de l&#8217;Ard\u00e8che, se trouve dans le parc naturel r\u00e9gional des Monts d&#8217;Ard\u00e8che. Elle doit son nom (&#8220;Argentaria&#8221;) aux mines de plomb argentif\u00e8res.<\/p>\n<p>Cit\u00e9 m\u00e9di\u00e9vale avec son ch\u00e2teau du XII\u00b0si\u00e8cle, l&#8217;\u00e9glise du XIII\u00b0si\u00e8cle et avec ses petites rues pav\u00e9es, Largenti\u00e8re rec\u00e8lent de tr\u00e9sors architecturaux, sans oublier sa grande f\u00eate m\u00e9di\u00e9vale du premier dimanche d&#8217;ao\u00fbt.<\/p>\n<p>Nous b\u00e9n\u00e9ficions du climat m\u00e9diterran\u00e9en avec un bel ensoleillement toute l&#8217;ann\u00e9e et un hiver doux.<\/p>\n<p>Le canton de Largenti\u00e8re est form\u00e9 de petits villages en pierres apparentes (Vinezac, Balazuc,\u2026) et est c\u00e9l\u00e8bre pour ses cultures en terrasses (les fa\u00efsses).<\/p>\n<div style=\"text-align: center;\"><div id=\"media_gallery-2\" class=\"widget widget_media_gallery amr_widget\"><div id='gallery-1' class='gallery galleryid-71 gallery-columns-3 gallery-size-thumbnail'><figure class='gallery-item'>\n\t\t\t<div class='gallery-icon landscape'>\n\t\t\t\t<a href='https:\/\/www.gite-ardeche-largentiere.com\/CMS\/wp-content\/uploads\/2018\/05\/plan_larg.jpg'><img width=\"150\" height=\"150\" src=\"https:\/\/www.gite-ardeche-largentiere.com\/CMS\/wp-content\/uploads\/2018\/05\/plan_larg-150x150.jpg\" class=\"attachment-thumbnail size-thumbnail\" alt=\"\" loading=\"lazy\" aria-describedby=\"gallery-1-175\" srcset=\"https:\/\/www.gite-ardeche-largentiere.com\/CMS\/wp-content\/uploads\/2018\/05\/plan_larg-150x150.jpg 150w, https:\/\/www.gite-ardeche-largentiere.com\/CMS\/wp-content\/uploads\/2018\/05\/plan_larg-50x50.jpg 50w\" sizes=\"(max-width: 150px) 100vw, 150px\" \/><\/a>\n\t\t\t<\/div>\n\t\t\t\t<figcaption class='wp-caption-text gallery-caption' id='gallery-1-175'>\n\t\t\t\tArriver \u00e0 Largenti\u00e8re\n\t\t\t\t<\/figcaption><\/figure><figure class='gallery-item'>\n\t\t\t<div class='gallery-icon landscape'>\n\t\t\t\t<a href='https:\/\/www.gite-ardeche-largentiere.com\/CMS\/wp-content\/uploads\/2018\/05\/plan.gif'><img width=\"150\" height=\"150\" src=\"https:\/\/www.gite-ardeche-largentiere.com\/CMS\/wp-content\/uploads\/2018\/05\/plan-150x150.gif\" class=\"attachment-thumbnail size-thumbnail\" alt=\"\" loading=\"lazy\" aria-describedby=\"gallery-1-174\" srcset=\"https:\/\/www.gite-ardeche-largentiere.com\/CMS\/wp-content\/uploads\/2018\/05\/plan-150x150.gif 150w, https:\/\/www.gite-ardeche-largentiere.com\/CMS\/wp-content\/uploads\/2018\/05\/plan-50x50.gif 50w\" sizes=\"(max-width: 150px) 100vw, 150px\" \/><\/a>\n\t\t\t<\/div>\n\t\t\t\t<figcaption class='wp-caption-text gallery-caption' id='gallery-1-174'>\n\t\t\t\tPlan d&#8217;acc\u00e8s\n\t\t\t\t<\/figcaption><\/figure>\n\t\t<\/div>\n<\/div><\/div>\n<div><\/div>\n<div style=\"font-size: 8px;\"><a href=\"http:\/\/www.vacances-location.net\/locations-vacances\/location-vacances-largentiere,ardeche.thtml\"><img style=\"display: block; margin-left: auto; margin-right: auto;\" src=\"http:\/\/www.vacances-location.net\/locations-vacances\/map-town\/ardeche\/largentiere.png\" alt=\"\" \/><\/a><\/div>\n","protected":false},"excerpt":{"rendered":"<p>Nous sommes situ\u00e9s dans le sud de l&#8217;Ard\u00e8che m\u00e9ridionale \u00e0 deux pas des gorges (Vallon pont d&#8217;Arc) et du plateau (Loubaresse). Largenti\u00e8re, sous pr\u00e9fecture de l&#8217;Ard\u00e8che, se trouve dans le parc naturel r\u00e9gional des Monts d&#8217;Ard\u00e8che. Elle doit son nom (&#8220;Argentaria&#8221;) aux mines de plomb argentif\u00e8res. Cit\u00e9 m\u00e9di\u00e9vale avec son ch\u00e2teau du XII\u00b0si\u00e8cle, l&#8217;\u00e9glise du<\/p>\n<div><a class=\"btn-filled btn\" href=\"https:\/\/www.gite-ardeche-largentiere.com\/CMS\/localisation\/\" title=\"Localisation\">Lire la suite<\/a><\/div>\n","protected":false},"author":1,"featured_media":0,"parent":0,"menu_order":0,"comment_status":"closed","ping_status":"closed","template":"","meta":[],"translation":{"provider":"WPGlobus","version":"2.5.14","language":"fr","enabled_languages":["fr","en"],"languages":{"fr":{"title":true,"content":true,"excerpt":false},"en":{"title":true,"content":true,"excerpt":false}}},"_links":{"self":[{"href":"https:\/\/www.gite-ardeche-largentiere.com\/CMS\/wp-json\/wp\/v2\/pages\/71"}],"collection":[{"href":"https:\/\/www.gite-ardeche-largentiere.com\/CMS\/wp-json\/wp\/v2\/pages"}],"about":[{"href":"https:\/\/www.gite-ardeche-largentiere.com\/CMS\/wp-json\/wp\/v2\/types\/page"}],"author":[{"embeddable":true,"href":"https:\/\/www.gite-ardeche-largentiere.com\/CMS\/wp-json\/wp\/v2\/users\/1"}],"replies":[{"embeddable":true,"href":"https:\/\/www.gite-ardeche-largentiere.com\/CMS\/wp-json\/wp\/v2\/comments?post=71"}],"version-history":[{"count":5,"href":"https:\/\/www.gite-ardeche-largentiere.com\/CMS\/wp-json\/wp\/v2\/pages\/71\/revisions"}],"predecessor-version":[{"id":373,"href":"https:\/\/www.gite-ardeche-largentiere.com\/CMS\/wp-json\/wp\/v2\/pages\/71\/revisions\/373"}],"wp:attachment":[{"href":"https:\/\/www.gite-ardeche-largentiere.com\/CMS\/wp-json\/wp\/v2\/media?parent=71"}],"curies":[{"name":"wp","href":"https:\/\/api.w.org\/{rel}","templated":true}]}}

<p>Nous sommes situés dans le sud de l&#8217;Ardèche méridionale à deux pas des gorges (Vallon pont d&#8217;Arc) et du plateau (Loubaresse). Largentière, sous préfecture de l&#8217;Ardèche, se trouve dans le parc naturel régional des Monts d&#8217;Ardèche. Elle doit son nom (&#8220;Argentaria&#8221;) aux mines de plomb argentifères.</p>
<p>Cité médiévale avec son château du XII°siècle, l&#8217;église du XIII°siècle et avec ses petites rues pavées, Largentière recèlent de trésors architecturaux, sans oublier sa grande fête médiévale du premier dimanche d&#8217;août.</p>
<p>Nous bénéficions du climat méditerranéen avec un bel ensoleillement toute l&#8217;année et un hiver doux.</p>
<p>Le canton de Largentière est formé de petits villages en pierres apparentes (Vinezac, Balazuc,…) et est célèbre pour ses cultures en terrasses (les faïsses).</p>
<div style="text-align: center;"><div id="media_gallery-2" class="widget widget_media_gallery amr_widget"><div id='gallery-1' class='gallery galleryid-71 gallery-columns-3 gallery-size-thumbnail'><figure class='gallery-item'>
			<div class='gallery-icon landscape'>
				<a href='https://www.gite-ardeche-largentiere.com/CMS/wp-content/uploads/2018/05/plan_larg.jpg'><img width="150" height="150" src="https://www.gite-ardeche-largentiere.com/CMS/wp-content/uploads/2018/05/plan_larg-150x150.jpg" class="attachment-thumbnail size-thumbnail" alt="" loading="lazy" aria-describedby="gallery-1-175" srcset="https://www.gite-ardeche-largentiere.com/CMS/wp-content/uploads/2018/05/plan_larg-150x150.jpg 150w, https://www.gite-ardeche-largentiere.com/CMS/wp-content/uploads/2018/05/plan_larg-50x50.jpg 50w" sizes="(max-width: 150px) 100vw, 150px" /></a>
			</div>
				<figcaption class='wp-caption-text gallery-caption' id='gallery-1-175'>
				Arriver à Largentière
				</figcaption></figure><figure class='gallery-item'>
			<div class='gallery-icon landscape'>
				<a href='https://www.gite-ardeche-largentiere.com/CMS/wp-content/uploads/2018/05/plan.gif'><img width="150" height="150" src="https://www.gite-ardeche-largentiere.com/CMS/wp-content/uploads/2018/05/plan-150x150.gif" class="attachment-thumbnail size-thumbnail" alt="" loading="lazy" aria-describedby="gallery-1-174" srcset="https://www.gite-ardeche-largentiere.com/CMS/wp-content/uploads/2018/05/plan-150x150.gif 150w, https://www.gite-ardeche-largentiere.com/CMS/wp-content/uploads/2018/05/plan-50x50.gif 50w" sizes="(max-width: 150px) 100vw, 150px" /></a>
			</div>
				<figcaption class='wp-caption-text gallery-caption' id='gallery-1-174'>
				Plan d&#8217;accès
				</figcaption></figure>
		</div>
</div></div>
<div></div>
<div style="font-size: 8px;"><a href="http://www.vacances-location.net/locations-vacances/location-vacances-largentiere,ardeche.thtml"><img style="display: block; margin-left: auto; margin-right: auto;" src="http://www.vacances-location.net/locations-vacances/map-town/ardeche/largentiere.png" alt="" /></a></div>

<p>Nous sommes situés dans le sud de l&#8217;Ardèche méridionale à deux pas des gorges (Vallon pont d&#8217;Arc) et du plateau (Loubaresse). Largentière, sous préfecture de l&#8217;Ardèche, se trouve dans le parc naturel régional des Monts d&#8217;Ardèche. Elle doit son nom (&#8220;Argentaria&#8221;) aux mines de plomb argentifères. Cité médiévale avec son château du XII°siècle, l&#8217;église du</p>
<div><a class="btn-filled btn" href="https://www.gite-ardeche-largentiere.com/CMS/localisation/" title="Localisation">Lire la suite</a></div>
